(5)?
-5
Let h(a) = -2*a + 5. Determine h(8).
-11
Let o(g) = -3*g + 37. Give o(18).
-17
Let m(o) = 4*o**3 + 3*o**2 - o - 1. What is m(2)?
41
Let z(j) = -j**3 - 5*j**2 + 8*j + 6. Calculate z(-5).
-34
Let k(r) = 2*r**3 + 34*r**2 + 38*r + 92. Give k(-16).
-4
Let u(j) = j**3 + 10*j**2 - 24*j + 8. Determine u(-12).
8
Let y(i) = i**3 + 2*i**2 + 3*i + 2. Give y(-1).
0
Let p(m) = 2*m**2 - 14*m + 13. Determine p(5).
-7
Let b(m) = 5*m - 18. What is b(5)?
7
Let b(p) = -p**2 - 9*p - 12. What is b(-4)?
8
Let i(q) = q**3 + 4*q**2 - 6*q - 13. Calculate i(-4).
11
Let y(t) = -t**2 - 4*t + 13. What is y(9)?
-104
Let r(k) = k**3 - 15*k**2 - k + 20. Calculate r(15).
5
Let g(h) = 2*h - 79. Calculate g(-25).
-129
Let f(p) = -4*p**2 - 5*p. What is f(-2)?
-6
Let f(r) = 3*r - 8. Give f(7).
13
Let o(p) = 2*p**2 + 70*p - 89. What is o(-36)?
-17
Let r(a) = -6*a**3 + a**2 - 1. Calculate r(1).
-6
Let v(k) = -10*k**3 - k**2 + k. Calculate v(1).
-10
Let i(g) = 37*g + 111. Determine i(-4).
-37
Let w(d) = 5*d - 22. What is w(7)?
13
Let i(n) = 2*n**2 - 10*n + 5. Determine i(4).
-3
Let t(l) = -l**2 + 10*l - 40. Give t(8).
-24
Let q(i) = -i**3 - 19*i**2 + 18*i - 31. What is q(-20)?
9
Let y(t) = -t**3 + 13*t**2 - 15*t + 10. What is y(12)?
-26
Let u(h) = 3*h**3 - 2*h**2 + h + 2. Give u(1).
4
Let o(p) = -p**3 - 4*p**2 + 8*p + 3. Give o(-5).
-12
Let q(s) = -s**2 + 10*s - 12. What is q(5)?
13
Let y(f) = -8*f - 3. Calculate y(0).
-3
Let o(x) = -x**2 + 2*x + 3. Give o(5).
-12
Let j(g) = g**2 + 10*g - 7. What is j(-11)?
4
Let g(h) = h**2 + 11*h - 15. Determine g(-12).
-3
Let k(m) = m**2 + 17*m + 1. Give k(-16).
-15
Let w(f) = f**3 + 6*f**2 - 9*f - 1. Calculate w(-7).
13
Let a(t) = -3*t + 35. Determine a(-9).
62
Let g(w) = w**2 - 6*w - 1. Determine g(11).
54
Let g(j) = -3*j + 12. Determine g(5).
-3
Let a(q) = -q**3 + 8*q**2 - 5*q - 8. Give a(7).
6
Let l(y) = -y**3 - 4*y**2 - 5*y - 6. What is l(-4)?
14
Let k(z) = -2*z + 8. Calculate k(5).
-2
Let w(d) = -d**3 - 9*d**2 + d + 11. Give w(-8).
-61
Let j(t) = -5*t**3 - t**2 + 1. Calculate j(-1).
5
Let v(a) = -a**3 - 6*a**2 + 2*a. Determine v(-3).
-33
Let s(c) = c + 3. Determine s(9).
12
Let w(i) = -i**3 + i**2 + 5*i - 7. Calculate w(4).
-35
Let v(g) = -g**2 + 12*g + 5. Determine v(12).
5
Let s(b) = -6*b + 10. What is s(2)?
-2
Let g(t) = t**3 + 6*t**2 + 4*t - 8. What is g(-6)?
-32
Let s(k) = 6*k**2 + 2*k + 2. Give s(-1).
6
Let w(n) = -n**2 - 5*n - 5. Determine w(-1).
-1
Let d(p) = -p**2 + 7*p + 39. What is d(7)?
39
Let v(m) = 8*m**3 - 2*m**2 - 1. Give v(-2).
-73
Let h(a) = 7*a - 105. Calculate h(15).
0
Let k(f) = -4*f + 9. Determine k(0).
9
Let q(r) = 5*r + 6. Determine q(10).
56
Let n(p) = 5*p**3 + 3*p**2 + 4*p + 2. What is n(-1)?
-4
Let x(a) = -26*a - 2. Calculate x(-2).
50
Let r(v) = -v**3 + 17*v**2 - 69*v - 10. Determine r(7).
-3
Let h(q) = -q - 7. Determine h(-4).
-3
Let x(c) = -16*c - 118. Calculate x(-7).
-6
Let p(j) = -j**3 + 4*j**2 + 2*j - 6. Give p(-3).
51
Let l(s) = -64*s**2 - 2*s - 1. Calculate l(-1).
-63
Let u(g) = -g**3 - 8*g**2 - 11*g - 1. What is u(-3)?
-13
Let z(o) = o**3 + 10*o**2 + o + 2. Calculate z(-10).
-8
Let r(c) = -c**3 - 4*c**2 + 6*c + 10. Calculate r(-5).
5
Let q(b) = 3*b**2 + 27*b - 28. Give q(-10).
2
Let i(g) = -g**2 - 3. Give i(5).
-28
Let p(h) = h**3 - 17*h**2 + 44*h - 19. Determine p(14).
9
Let w(c) = c + 16. Calculate w(-30).
-14
Let y(d) = 7*d**3 - d**2 + 2*d - 1. Give y(1).
7
Let p(n) = -n**3 + n**2 + 2*n + 49. Give p(0).
49
Let c(d) = d**3 - d**2 - 3*d - 2. What is c(0)?
-2
Let n(w) = 4*w - 60. What is n(18)?
12
Let j(y) = -3*y**2 - 5*y - 5. Calculate j(-2).
-7
Let l(c) = -45*c + 2. What is l(1)?
-43
Let a(l) = -7*l - 6. Determine a(-2).
8
Let g(r) = r**2 - 19*r - 74. What is g(22)?
-8
Let j(c) = -3*c**3 - 9*c**2 - 10*c - 2. Calculate j(-2).
6
Let f(s) = -4*s**3 - 2*s**2 + s - 3. What is f(2)?
-41
Let r(n) = 15*n**2 + 168*n + 36. Give r(-11).
3
Let z(q) = -34*q**2 + q. What is z(-1)?
-35
Let d(i) = i + 11. What is d(9)?
20
Let s(k) = -k**2 - k + 6. Give s(3).
-6
Let y(x) = -x**3 + 24*x**2 - 2*x + 28. Calculate y(24).
-20
Let j(s) = -s**2 - 19*s - 79. Calculate j(-4).
-19
Let f(i) = i**3 - 13*i**2 - 3*i - 6. Calculate f(13).
-45
Let w(i) = i**3 - 41*i**2 + 38*i + 76. Calculate w(40).
-4
Let m(d) = -d**2 - 11*d + 10. Determine m(-11).
10
Let q(b) = b**2 - 6*b. Calculate q(3).
-9
Let f(c) = c**2 - 8*c - 16. Calculate f(8).
-16
Let d(u) = u**2 + 25*u + 22. What is d(-24)?
-2
Let n(k) = -k**2 - 4*k + 8. Calculate n(-6).
-4
Let n(p) = -p**3 - 5*p**2 - 2*p + 5. Calculate n(-6).
53
Let g(k) = 3*k + 9. What is g(-8)?
-15
Let a(g) = g**2 + 12*g - 1. Determine a(-10).
-21
Let g(v) = 2*v - 13. Give g(8).
3
Let g(z) = 11*z + 95. Give g(-10).
-15
Let h(n) = -n**2 + 8*n - 6. Determine h(8).
-6
Let k(d) = -33*d + 18. Give k(3).
-81
Let z(w) = w**3 - 5*w**2 - 3*w + 8. Give z(4).
-20
Let i(o) = o**3 - 2*o + 7. Calculate i(0).
7
Let f(z) = 9*z**2 + 2*z - 10. What is f(-3)?
65
Let q(i) = 10*i + 49. Calculate q(-6).
-11
Let g(j) = 2*j**2 - 15*j + 23. Calculate g(6).
5
Let d(x) = 4*x + 67. What is d(-15)?
7
Let h(k) = -k**3 - 11*k**2 - 9*k + 16. What is h(-10)?
6
Let j(k) = -k**2 + 19*k + 33. Give j(21).
-9
Let i(l) = -3*l**3 + 16*l**2 + 12*l. Give i(6).
0
Let i(b) = b**3 + b**2 - 2. Give i(0).
-2
Let y(l) = -l**2 - 35*l + 69. What is y(2)?
-5
Let z(y) = 5*y**3 - 2*y**2 + 1. What is z(1)?
4
Let j(w) = -7*w + 34. Give j(5).
-1
Let d(g) = g**2 - 8*g + 11. Give d(5).
-4
Let n(j) = 21*j - 2. Determine n(-1).
-23
Let a(s) = s**2 + 20*s + 20. Give a(-17).
-31
Let t(c) = -12*c - 3. Calculate t(-1).
9
Let r(l) = -l**3 + 12*l**2 + 26*l + 34. What is r(14)?
6
Let a(f) = -f**3 - f**2 + f + 28. Give a(0).
28
Let u(m) = -m**2 + 14*m + 4. Calculate u(10).
44
Let b(h) = h**3 - 30*h**2 + 56*h - 35. What is b(28)?
-35
Let o(q) = q**3 - 5*q**2 - 3*q - 3. What is o(6)?
15
Let d(o) = o**3 - 14*o**2 - 16*o + 5. Determine d(15).
-10
Let p(w) = -w**2 + 7*w + 13. Calculate p(9).
-5
Let r(s) = 10*s - 41. Calculate r(4).
-1
Let t(b) = 22*b - 12. Determine t(1).
10
Let u(a) = 10*a - 71. Give u(8).
9
Let t(p) = -p**2 - 16*p - 19. Calculate t(-13).
20
Let b(o) = o**2 + 12*o + 6. Calculate b(-11).
-5
Let f(d) = -d**2 - 12*d + 19. Determine f(-13).
6
Let a(z) = -z**2 - 7*z - 1. Determine a(-8).
-9
Let z(p) = p**2 - 10*p - 11. Calculate z(11).
0
Let n(f) = f**3 - 4*f**2 - 7*f - 5. Give n(6).
25
Let h(o) = -11*o. What is h(-2)?
22
Let o(v) = -31*v**2 - v + 1. Give o(1).
-31
Let j(t) = -4*t + 1. What is j(3)?
-11
Let y(f) = 6*f - 12. What is y(3)?
6
Let b(o) = -o**2 - 8*o + 1. Determine b(-12).
-47
Let q(y) = -16*y**2 - 3*y + 2. Give q(1).
-17
Let i(k) = 2*k**3 - 19*k**2 + 26*k - 7. What is i(8)?
9
Let u(v) = -52*v - 357. What is u(-7)?
7
Let a(t) = -5*t + 2. What is a(4)?
-18
Let q(c) = 6*c. What is q(1)?
6
Let f(k) = 2*k**2 + 11*k + 12. What is f(-6)?
18
Let x(u) = 2*u**2 - u + 2. Give x(1).
3
Let v(w) = -w**3 + 3*w**2 - 2*w. What is v(2)?
0
Let w(f) = -f**2 - 13*f - 17. Calculate w(-13).
-17
Let h(w) = -26*w**3 - 2*w**2 - 2*w - 1. Calculate h(-1).
25
Let s(t) = -3*t**2 + 25*t - 19. Determine s(7).
9
Let t(s) = s**2 + 9*s - 18. What is t(-11)?
4
Let h(x) = -15*x**2 - 3*x - 1. Determine h(-1).
-13
Let v(j) = -3*j**2 + 19*j - 17. What is v(5)?
3
Let z(j) = j**2 - 5*j - 13. What is z(9)?
23
Let q(h) = h + 7. What is q(-5)?
2
Let x(k) = -k**2 + 8*k - 5. Calculate x(10).
-25
Let g(l) = l**3 + 11*l**2 + l + 25. Determine g(-11).
14
Let z(s) = s**3 + 9*s**2 + 16*s + 14. Give z(-7).
0
Let q(y) = 9*y - 40. What is q(11)?
59
Let b(r) = -2*r**3 + 10*r**2 + 21*r - 69. Determine b(6).
-15
Let l(w) = -w**3 + 3*w**2 - 3*w + 6. Give l(4).
-22
Let z(x) = -x**3 + 7*x**2 + 4*x + 3. Calculate z(7).
31
Let x(h) = -h**2 - 17. What is x(0)?
-17
Let f(p) = -8*p**3 - 2*p**2 - 2*p - 1. Give f(-1).
7
Let l(t) = -12*t - 344. Calculate l(-28).
-8
Let p(l) = -l + 16. Give p(4).
12
Let u(q) = 3*q - 31. Determine u(24).
41
Let d(r) = -r**3 - 8*r**2 + 20*r. Calculate d(-10).
0
Let q(a) = -a**2 - 62*a - 285. Calculate q(-57).
0
Let i(t) = -7*t**3 - t + 1. Give i(1).
-7
Let t(o) = -4*o**2 + 14*o + 3. Calculate t(4).
-5
Let x(k) = -35*k - 389. Give x(-11).
-4
Let i(v) = -v**3 - 29*v**2 + 31*v + 24. Calculate i(-30).
-6
Let c(p) = -8*p + 83. Give c(10).
3
Let h(m) = -m**2 + 16*m - 18. Determine h